g. Suppose -3*s - j + 44 = j, -y*s = j - 40. What is the tens digit of s?
1
Let b(d) = 47*d - 46 + 9*d**2 - 104*d - 7*d**2. What is the hundreds digit of b(31)?
1
Let a(c) be the third derivative of -c**5/60 + 11*c**4/24 + 5*c**3/6 - c**2. Let y be 70/8 + (-4 - (-51)/12). What is the units digit of a(y)?
3
Let b = -4 - -7. Suppose -20*u + 2041 = 601. Suppose 3 = b*l - 0, 0 = 2*d + 2*l - u. What is the tens digit of d?
3
Suppose -6*u + 80 = -u. Suppose 5*i = 3*i. Suppose -u = -4*z, 5*b = -i*b - z + 144. What is the units digit of b?
8
Suppose -9*w + 588 = -2*w. What is the tens digit of w?
8
Suppose -14 = -5*b - 2*c, 4*c = 3*b + b - 28. What is the units digit of -66*(42/(-9) + b)?
4
Let k be 4*((-105)/(-6))/7. Let m(l) = -k*l + 9*l - 3*l - 5. What is the units digit of m(-3)?
7
Let z be 154*(3 - (3 + (2 - 3))). Let x = 305 - z. What is the tens digit of x?
5
Suppose -3*y = q - 12, 2*q - 3*q = -5*y + 20. Suppose q = 5*d - 33 - 87. Suppose -5*p = -4*i - 18, p + 2*i - d = -2*p. What is the units digit of p?
6
Suppose -3*f + 26 = 4*o, -2*f - o + 11 = f. Suppose -u = -3*l - 3 + 16, -10 = -f*l. Suppose 87 = u*x + x. What is the units digit of x?
9
Suppose 8*p - 28962 = -10*p. What is the hundreds digit of p?
6
Let c(m) = -10*m - 50. Let g be c(-15). Suppose -q + g = 6. What is the tens digit of q?
9
Let w(m) be the first derivative of m**4/4 + m**2/2 + 38*m - 7. What is the tens digit of w(0)?
3
Let g be (-3)/(-15) + (-16)/5. Let i(a) = -11*a**2 + 13. Let d(z) = 6*z**2 - 7. Let s(v) = g*i(v) - 5*d(v). What is the tens digit of s(-3)?
2
Let g(y) = 8*y - 16. Let o be g(-6). Let w = -8 - o. What is the units digit of w?
6
Let s = -221 - -229. Let i(g) = -2*g**3 - g**2. Let h be i(-1). Let v = h + s. What is the units digit of v?
9
Let k = 52 + -95. Let h = k + 30. Let z(v) = v**3 + 12*v**2 - 14*v - 5. What is the units digit of z(h)?
8
Let n(a) = a**3 + 7*a**2 - 9*a. Suppose 2*x = 18 - 2. Let i be -2 + 3 - (x + 1). What is the units digit of n(i)?
8
Let s(z) = -z**2 + 3*z + 20. Let n be s(10). What is the tens digit of n/(-3)*12/10?
2
Let a = 2 + -2. Suppose 3*h + a*h - 18 = 0. What is the units digit of h?
6
What is the hundreds digit of 5404/18 + 16/(-72)?
3
Suppose -3*c = 4*c - 35. Let y be (116/10)/(c/(-25)). Let r = y - -89. What is the tens digit of r?
3
Suppose 12*l - 9011 - 3313 = 0. What is the thousands digit of l?
1
Suppose -4*b = -2*b, 12012 = 4*v - b. What is the hundreds digit of v?
0
What is the tens digit of 8/(40/(-15)) - -167?
6
Suppose 38*r = 28*r + 12070. What is the tens digit of r?
0
Let c = 298 + 429. What is the tens digit of c?
2
Suppose -g = -5*v + 2*g - 9, v - 5*g = -15. Suppose v = -2*b - 11 - 13. What is the units digit of (-258)/b - (-6)/(-4)?
0
Let r = -15 + 7. Let z = r + 10. Suppose -5*w - 23 = -z*j - 0*w, -3*j + 5*w = -27. What is the units digit of j?
4
Suppose -3*t = -5*t - 5*s + 7108, -5*t = 5*s - 17755. What is the hundreds digit of t?
5
Let z(n) = -80*n**3 - 2*n**2 + 1. Suppose 5*g = 4*v + 24, -3*v + 4*g - 11 - 8 = 0. What is the tens digit of z(v)?
7
Let n(r) = 3*r - 21. Let t be n(7). Suppose 3*f = -o + 37, 3*o - 4*f - 168 + 5 = t. What is the units digit of o?
9
Let x(s) = 105*s**2 - 3*s + 2. Let b be x(2). Suppose -2*z + b = 2*m, -1 = m + 4. Let c = z - 137. What is the tens digit of c?
7
Let x = 499 + -53. What is the tens digit of x?
4
Let b = -1918 + 2006. What is the units digit of b?
8
What is the units digit of 9 + (-21)/(-6) - 2/4?
2
Suppose 0 = -2*f + 4 + 4. Suppose 103 = 5*c + f*v, -3*c + 2*v = -6*c + 63. What is the tens digit of c?
2
Suppose -o - 2*h = 4*o + 14, -5*h - 10 = 0. What is the units digit of ((-27)/2)/(o/4)?
7
Let j(w) = -95*w**3 + 3*w + 2. Suppose -2*t - 4 = -5*s + 8, s = 2. What is the units digit of j(t)?
4
Let x(r) = 30*r**2 - 3*r - 4. Let w be x(-2). Let y = 25 + w. What is the units digit of y?
7
Suppose b - 6 = 28. Suppose 0 = -2*s + 74 + b. What is the units digit of s?
4
Let i = 3177 - 1857. What is the units digit of i?
0
Let p(q) be the third derivative of 3*q**4/8 - 4*q**3/3 + 7*q**2. Let d be p(-13). What is the units digit of d/(-2) + 2/(-4)?
2
Suppose -380*t + 389*t = 18243. What is the units digit of t?
7
Suppose 4 = 2*l + 2*c - 142, -4*c = l - 76. Suppose -l = -10*x + 6*x. What is the units digit of x?
8
Let n = -84 - -77. Let z(l) = -l**2 - 11*l + 6. What is the tens digit of z(n)?
3
Let k be (19*1)/(-6 - (5 + -10)). What is the tens digit of (-6)/4*k*(-6)/(-9)?
1
Suppose 7*f = 10*f. What is the units digit of 1 + f - -156 - (3 + 1)?
3
Let v(u) = 3*u**2 - 20*u + 62. What is the thousands digit of v(30)?
2
Let b = -577 + 1861. What is the hundreds digit of b?
2
Suppose 0 = 2*n + 3*y - 67, n - 34 = 2*y - 3*y. What is the units digit of 323 + -2 + 7/(n/(-10))?
9
What is the tens digit of (-1554)/(-10) - 70/50?
5
Let d = 10 - 8. What is the units digit of (d/(-3))/(2/(-117))?
9
Let s(x) = x - 1. Let t(q) = 4*q - 1. Let k(p) = 6*s(p) + t(p). What is the tens digit of k(7)?
6
Let r(n) be the first derivative of 3*n**5/10 - n**3/6 + n**2 - 12. Let b(y) be the second derivative of r(y). What is the tens digit of b(-1)?
1
Suppose 0 = 4*r - 3993 - 4275. What is the hundreds digit of r?
0
Let y = 134 + 3. Suppose t - d + y = 5*t, 5*t = 3*d + 167. What is the tens digit of t?
3
Let x be 2 + (6 + -2 - -2). Let p be 0 + -5*(-3 - x). Suppose 4*u + 3*y - p = 37, -2*u = 4*y - 56. What is the units digit of u?
0
Let r(d) = -3*d**2 - 3*d + 4. Let q be r(-5). Suppose 0 = -4*i - 4 - 0, 4*t = 4*i + 8. What is the units digit of q/(-7) - t*2?
6
Suppose 100 = 3*z + 19. Let p = 74 - z. What is the tens digit of p?
4
Let y = 3798 - 2543. What is the tens digit of y?
5
Suppose d = -5*a + 130, 3*a - 50 = -5*d + 28. What is the units digit of a?
6
Let s(h) = h + 4. Let x be s(-5). Let t be 42 + (x - (2 + -1)). What is the units digit of ((-1)/(-1))/(4/t)?
0
Suppose -7*f = -5*j - 19100, -3*j + 4224 = 2*f - 1242. What is the tens digit of f?
3
Let v = 2308 - 2258. What is the tens digit of v?
5
Let w(v) = 5*v**3 + 15*v**2 - 21*v + 83. What is the thousands digit of w(6)?
1
Let u(v) = 2*v**2 + 3*v - 2. Let n be u(-3). Let h be n*(3 - 114/(-14)). What is the units digit of 1392/h + (-6)/(-39)?
8
Suppose 15 + 0 = -j. Let n = -15 - j. Let y = n + 15. What is the units digit of y?
5
Let l be 75/6 - 3/(-2). Suppose 0 = 4*y + 5*q - 212, l + 42 = y + 2*q. Let c = 114 - y. What is the units digit of c?
6
Suppose 2*l = 69 + 3. Let n = l - -11. What is the tens digit of n?
4
Let w(h) = h**2. Let s = 12 - 14. What is the units digit of w(s)?
4
Let v(r) = 14*r - 4. Let c be v(-4). Let h = 15 + c. Let a = h - -66. What is the tens digit of a?
2
Let l(p) = -34*p**3 - 5*p**2 + 10*p + 74. What is the units digit of l(-4)?
0
Let t(l) be the third derivative of -83*l**4/24 - l**3/6 + 32*l**2. What is the units digit of t(-1)?
2
Let f(c) be the second derivative of c**5/20 - 2*c**4/3 + 7*c**3/6 + 3*c**2/2 + 6*c. Let k be f(7). Suppose 0 = -2*p + k*p - 5. What is the units digit of p?
5
Let s(d) = -d**2 + 5*d - 4. Let j be s(4). Suppose -3*i - 3*i = j. Suppose -h + 56 = -i*h. What is the units digit of h?
6
Let b = -118 + 122. Suppose -u + 6*m = 3*m - 206, -b*m = -4*u + 864. What is the hundreds digit of u?
2
Suppose -3*a + 5*f + 403 - 11 = 0, 3*a + 4*f - 437 = 0. Let s = -55 + a. What is the tens digit of s?
8
Let g(z) = -z**3 - z**2 - z + 1. Let c(k) = -4*k**3 - 11*k**2 + 9*k + 16. Let m(u) = -c(u) + 3*g(u). What is the tens digit of m(-6)?
3
Let i(t) = -t**3 + 7*t**2 + 2*t - 9. Let n be i(7). Suppose -n*l + 91 = -224. Suppose 8 - l = -c. What is the tens digit of c?
5
Let t be ((-54)/(-12))/((-2)/(-80)). Suppose -3*u = u - t. What is the units digit of u?
5
Let y(j) = j**3 - 15*j**2 - 14*j - 22. Let v be y(16). Suppose v*i = 692 + 568. What is the tens digit of i?
2
Let q = 11 - 5. Let b(y) = 4*y**2 - 4*y - 7. Let c(p) = 3*p**2 - 4*p - 7. Let t(z) = -2*b(z) + 3*c(z). What is the units digit of t(q)?
5
Let x be (1/(-2))/(1/(-22)). Let l(t) = -t**3 + 10*t**2 + 22*t - 12. What is the tens digit of l(x)?
0
Let r be (-5)/(-2)*(-12)/(-15). Suppose -5*b - 16 = -r*j, -5*b + 6 = -4. Let k = j + -11. What is the units digit of k?
2
Suppose 15*q - 8418 = -1413. What is the units digit of q?
7
Suppose -158*l - 28215 = -173*l